{"id":9884,"date":"2025-11-06T13:45:11","date_gmt":"2025-11-06T10:45:11","guid":{"rendered":"https:\/\/plustech.net.tr\/?post_type=product&#038;p=9884"},"modified":"2025-11-13T04:09:26","modified_gmt":"2025-11-13T01:09:26","slug":"pt904640060020-seviye-ventili-wabco-ref-4640060020","status":"publish","type":"product","link":"https:\/\/plustech.net.tr\/index.php\/urun\/pt904640060020-seviye-ventili-wabco-ref-4640060020\/","title":{"rendered":"PT904640060020 SEV\u0130YE VENT\u0130L\u0130 WABCO REF 4640060020"},"content":{"rendered":"","protected":false},"excerpt":{"rendered":"<table style=\"height: 226px;\" width=\"252\">\n<tbody>\n<tr>\n<td width=\"106\">Plustech Referans<\/td>\n<td width=\"81\">PT904640060020<\/td>\n<\/tr>\n<tr>\n<td width=\"106\">Marka<\/td>\n<td width=\"81\">\n<div class=\"col-sm-6\">\n<div class=\"col-sm-6 text-gray-bold\">\n<div class=\"col-sm-6 text-gray-bold\">\n<div class=\"col-sm-6\">\n<div class=\"col-sm-6 text-gray-bold\">DAF<\/div>\n<div class=\"col-sm-6 text-gray-bold\">FORD<\/div>\n<div class=\"col-sm-6 text-gray-bold\">FRUEHAUF<\/div>\n<div class=\"col-sm-6 text-gray-bold\">GOLDHOFER<\/div>\n<div class=\"col-sm-6 text-gray-bold\">HENDRICKSON<\/div>\n<div class=\"col-sm-6 text-gray-bold\">IVECO<\/div>\n<div class=\"col-sm-6 text-gray-bold\">KRONE<\/div>\n<div class=\"col-sm-6 text-gray-bold\">K\u00c4SSBOHRER<\/div>\n<div class=\"col-sm-6 text-gray-bold\">K\u00d6GEL<\/div>\n<div class=\"col-sm-6 text-gray-bold\">MAN<\/div>\n<div class=\"col-sm-6 text-gray-bold\">MERCEDES-BENZ<\/div>\n<div class=\"col-sm-6 text-gray-bold\">MERITOR<\/div>\n<div class=\"col-sm-6 text-gray-bold\">RENAULT<\/div>\n<div class=\"col-sm-6 text-gray-bold\">SAF<\/div>\n<div class=\"col-sm-6 text-gray-bold\">SCANIA<\/div>\n<div class=\"col-sm-6 text-gray-bold\">SCHMITZ CARGOBULL<\/div>\n<div class=\"col-sm-6 text-gray-bold\">SCHWARZM\u00dcLLER<\/div>\n<div class=\"col-sm-6 text-gray-bold\">TIRSAN<\/div>\n<div class=\"col-sm-6 text-gray-bold\">VOLVO<\/div>\n<\/div>\n<\/div>\n<\/div>\n<\/div>\n<\/td>\n<\/tr>\n<tr>\n<td width=\"106\">Wabco Referans<\/td>\n<td width=\"81\">4640060020<\/td>\n<\/tr>\n<tr>\n<td width=\"106\">Knorr-Bremse Referans<\/td>\n<td width=\"81\">\n<div class=\"col-sm-6\">\n<div class=\"col-sm-6\"><\/div>\n<\/div>\n<\/td>\n<\/tr>\n<tr>\n<td width=\"106\">OEM No<\/td>\n<td width=\"81\">\n<div class=\"col-sm-6 text-gray-bold\">\n<div class=\"col-sm-6 text-gray-bold\">DAF<\/div>\n<div class=\"col-sm-6\">1325337<\/div>\n<div class=\"col-sm-6 text-gray-bold\">FORD<\/div>\n<div class=\"col-sm-6\">4C462K433AA<\/div>\n<div class=\"col-sm-6 text-gray-bold\">FRUEHAUF<\/div>\n<div class=\"col-sm-6\">F001572<\/div>\n<div class=\"col-sm-6\">CF351950F001572<\/div>\n<div class=\"col-sm-6 text-gray-bold\">GOLDHOFER<\/div>\n<div class=\"col-sm-6\">157537<\/div>\n<div class=\"col-sm-6 text-gray-bold\">HENDRICKSON<\/div>\n<div class=\"col-sm-6\">4640060020<\/div>\n<div class=\"col-sm-6 text-gray-bold\">IVECO<\/div>\n<div class=\"col-sm-6\">IT4358<\/div>\n<div class=\"col-sm-6\">04853325<\/div>\n<div class=\"col-sm-6\">4853325<\/div>\n<div class=\"col-sm-6 text-gray-bold\">KRONE<\/div>\n<div class=\"col-sm-6\">9450351<\/div>\n<div class=\"col-sm-6\">945035<\/div>\n<div class=\"col-sm-6\">5009450351<\/div>\n<div class=\"col-sm-6\">09450351<\/div>\n<div class=\"col-sm-6 text-gray-bold\">K\u00c4SSBOHRER<\/div>\n<div class=\"col-sm-6\">82836370000<\/div>\n<div class=\"col-sm-6\">21151103150<\/div>\n<div class=\"col-sm-6 text-gray-bold\">K\u00d6GEL<\/div>\n<div class=\"col-sm-6\">312470<\/div>\n<div class=\"col-sm-6 text-gray-bold\">MAN<\/div>\n<div class=\"col-sm-6\">81436106116<\/div>\n<div class=\"col-sm-6\">81436106117<\/div>\n<div class=\"col-sm-6\">4027060<\/div>\n<div class=\"col-sm-6\">2TB412600A<\/div>\n<div class=\"col-sm-6 text-gray-bold\">MERCEDES-BENZ<\/div>\n<div class=\"col-sm-6\">QWAB4640060020<\/div>\n<div class=\"col-sm-6 text-gray-bold\">MERITOR<\/div>\n<div class=\"col-sm-6\">S4640060020<\/div>\n<div class=\"col-sm-6 text-gray-bold\">RENAULT<\/div>\n<div class=\"col-sm-6\">5010260213<\/div>\n<div class=\"col-sm-6 text-gray-bold\">SAF<\/div>\n<div class=\"col-sm-6\">4425010400<\/div>\n<div class=\"col-sm-6\">04425010400<\/div>\n<div class=\"col-sm-6 text-gray-bold\">SCANIA<\/div>\n<div class=\"col-sm-6\">339792<\/div>\n<div class=\"col-sm-6\">0339792<\/div>\n<div class=\"col-sm-6\">2089976<\/div>\n<div class=\"col-sm-6 text-gray-bold\">SCHMITZ CARGOBULL<\/div>\n<div class=\"col-sm-6\">050419<\/div>\n<div class=\"col-sm-6\">82836370000<\/div>\n<div class=\"col-sm-6\">S050419<\/div>\n<div class=\"col-sm-6\">730517<\/div>\n<div class=\"col-sm-6\">50419<\/div>\n<div class=\"col-sm-6\">055634<\/div>\n<div class=\"col-sm-6 text-gray-bold\">SCHWARZM\u00dcLLER<\/div>\n<div class=\"col-sm-6\">21884<\/div>\n<div class=\"col-sm-6 text-gray-bold\">TIRSAN<\/div>\n<div class=\"col-sm-6\">21151103150<\/div>\n<div class=\"col-sm-6 text-gray-bold\">VOLVO<\/div>\n<div class=\"col-sm-6\">TDAS4640060020<\/div>\n<div class=\"col-sm-6\">WAB4640060020<\/div>\n<\/div>\n<\/td>\n<\/tr>\n<tr>\n<td width=\"106\">A\u00e7\u0131klama<\/td>\n<td width=\"81\">Seviye Ventili<\/td>\n<\/tr>\n<\/tbody>\n<\/table>\n","protected":false},"featured_media":9891,"template":"","meta":[],"product_cat":[69],"product_tag":[],"class_list":{"0":"post-9884","1":"product","2":"type-product","3":"status-publish","4":"has-post-thumbnail","6":"product_cat-air-brake-valves","8":"first","9":"instock","10":"shipping-taxable","11":"product-type-simple"},"_links":{"self":[{"href":"https:\/\/plustech.net.tr\/index.php\/wp-json\/wp\/v2\/product\/9884","targetHints":{"allow":["GET"]}}],"collection":[{"href":"https:\/\/plustech.net.tr\/index.php\/wp-json\/wp\/v2\/product"}],"about":[{"href":"https:\/\/plustech.net.tr\/index.php\/wp-json\/wp\/v2\/types\/product"}],"wp:featuredmedia":[{"embeddable":true,"href":"https:\/\/plustech.net.tr\/index.php\/wp-json\/wp\/v2\/media\/9891"}],"wp:attachment":[{"href":"https:\/\/plustech.net.tr\/index.php\/wp-json\/wp\/v2\/media?parent=9884"}],"wp:term":[{"taxonomy":"product_cat","embeddable":true,"href":"https:\/\/plustech.net.tr\/index.php\/wp-json\/wp\/v2\/product_cat?post=9884"},{"taxonomy":"product_tag","embeddable":true,"href":"https:\/\/plustech.net.tr\/index.php\/wp-json\/wp\/v2\/product_tag?post=9884"}],"curies":[{"name":"wp","href":"https:\/\/api.w.org\/{rel}","templated":true}]}}